27.
317
Calculate the greatest common factor of 3182033 and 1.
1
What is the greatest common divisor of 985 and 2652211?
197
What is the highest common factor of 5202 and 6969762?
306
What is the highest common divisor of 2 and 8896645?
1
Calculate the greatest common factor of 5489 and 580337.
499
What is the highest common factor of 4507565604 and 12?
12
Calculate the greatest common divisor of 1278 and 147047958.
1278
What is the highest common divisor of 168 and 1361220336?
168
What is the highest common factor of 1420545 and 32763?
489
What is the greatest common factor of 3897 and 3026237?
433
What is the greatest common factor of 2943436 and 7608377?
6751
What is the highest common divisor of 3588 and 188434584?
3588
Calculate the highest common divisor of 1610708 and 1716.
44
What is the highest common factor of 533726508 and 336?
84
Calculate the highest common divisor of 169683948 and 168.
84
What is the highest common divisor of 233 and 7542443?
233
What is the greatest common divisor of 17758013 and 182?
91
What is the greatest common divisor of 2200 and 9556900?
100
Calculate the greatest common factor of 132 and 9582452.
44
What is the greatest common divisor of 17020 and 860990?
370
What is the greatest common divisor of 588 and 19197024?
588
Calculate the greatest common divisor of 515600 and 1175.
25
Calculate the highest common divisor of 4698 and 1388826.
162
What is the highest common factor of 916790 and 980?
490
What is the greatest common factor of 83655 and 11605?
55
Calculate the highest common factor of 53525 and 43525.
25
Calculate the highest common divisor of 44738262 and 18.
18
Calculate the highest common factor of 372824 and 976.
8
Calculate the greatest common divisor of 3466020 and 70.
10
What is the highest common divisor of 7758830 and 129817?
3019
What is the highest common factor of 74356 and 504484?
116
What is the highest common divisor of 6105 and 9263727?
1221
Calculate the highest common factor of 81744 and 138018.
6
What is the highest common divisor of 3860726 and 17504?
1094
Calculate the highest common divisor of 4188399 and 29310.
2931
Calculate the greatest common factor of 8974246 and 314118.
554
Calculate the greatest common factor of 55 and 35206750.
5
What is the greatest common divisor of 28642185 and 260?
65
Calculate the greatest common divisor of 2211681 and 5475.
219
Calculate the highest common factor of 921 and 1765864.
307
What is the highest common divisor of 88525 and 105475?
25
Calculate the highest common divisor of 12669 and 292497649.
4223
Calculate the highest common factor of 54 and 186255126.
54
What is the highest common factor of 6305 and 2493010?
65
What is the highest common factor of 148 and 81264?
4
Calculate the highest common factor of 1798428 and 3324.
12
What is the greatest common factor of 35 and 7764421?
7
What is the highest common divisor of 1337870 and 579870?
3790
Calculate the greatest common divisor of 691 and 8944995.
691
What is the greatest common factor of 20916 and 1105902?
126
Calculate the greatest common factor of 98 and 14020545.
7
Calculate the greatest common factor of 97306290 and 225.
45
What is the greatest common divisor of 308 and 78601852?
28
Calculate the greatest common divisor of 238535002 and 1.
1
Calculate the greatest common divisor of 97524 and 17931942.
1134
What is the greatest common divisor of 7761801 and 11739?
129
Calculate the greatest common factor of 1449933 and 25866.
1437
What is the greatest common divisor of 5 and 14693485?
5
What is the highest common factor of 27949 and 2071?
19
Calculate the highest common divisor of 237120 and 13884.
156
Calculate the greatest common divisor of 1963941 and 31857.
861
Calculate the highest common factor of 9804 and 44247516.
516
Calculate the highest common divisor of 3198 and 24241824.
246
Calculate the greatest common divisor of 3572 and 1916848.
188
Calculate the highest common divisor of 4346 and 9506239.
53
Calculate the highest common divisor of 738 and 12227562.
18
Calculate the greatest common factor of 274 and 29040849.
137
What is the greatest common factor of 9052 and 1417952?
292
What is the greatest common factor of 35225 and 7825?
25
What is the greatest common factor of 84202240 and 25140?
8380
Calculate the highest common divisor of 5319 and 46813110.
591
What is the greatest common divisor of 22 and 9733?
1
Calculate the highest common factor of 23171 and 139073.
47
Calculate the greatest common factor of 327054480 and 2208.
1104
What is the greatest common divisor of 76908 and 381225?
663
What is the greatest common divisor of 460 and 104646280?
20
Calculate the highest common factor of 208185 and 1345.
5
What is the greatest common factor of 82 and 39781111?
41
Calculate the greatest common factor of 18779577 and 408.
51
Calculate the highest common factor of 1521 and 155051247.
507
What is the greatest common divisor of 54642 and 884436?
42
What is the highest common factor of 12519 and 6071247?
117
Calculate the greatest common factor of 8103 and 563268.
219
Calculate the highest common divisor of 1036 and 61572847.
259
Calculate the highest common factor of 19135 and 237224249.
3827
What is the greatest common factor of 728520 and 936?
312
What is the highest common divisor of 23122 and 15840?
22
Calculate the greatest common divisor of 3710 and 17130130.
530
What is the highest common divisor of 168 and 5453364?
84
What is the highest common divisor of 779536 and 1735759?
587
What is the highest common divisor of 75 and 1411772325?
75
Calculate the greatest common divisor of 4370 and 1349456.
874
What is the highest common divisor of 19936 and 397652?
356
What is the highest common factor of 2608796 and 296?
148
What is the greatest common factor of 4312 and 5714808?
88
What is the greatest common divisor of 9089311 and 35112?
77
What is the greatest common factor of 85636 and 231163?
271
What is the highest common factor of 180 and 15890715?
45
Calculate the greatest common divisor of 837528 and 776.
8
Calculate the highest common factor of 3610 and 11015915.
1805
Calculate the greatest common factor of 12162 and 188539378.
4054
What is the greatest common divisor of 127135 and 279156?
541
Calculate the highest common factor of 33867 and 1265481.
477
Calculate the greatest common factor of 4797 and 12806391.
1599
What is the greatest common factor of 193898538 and 1746?
1746
Calculate the greatest common factor of 29 and 34420042.
29
What is the highest common divisor of 330479787 and 1254?
627
What is the greatest common factor of 7841309 and 28?
7
What is the highest common divisor of 1352788632 and 78?
78
What is the highest common divisor of 10585551 and 62352?
1299
What is the greatest common divisor of 287796 and 248849?
29
Calculate the highest common divisor of 156122 and 475394.
502
What is the greatest common divisor of 182015 and 115?
5
Calculate the greatest common divisor of 143775 and 50.
25
What is the highest common divisor of 116 and 56441453?
29
What is the highest common divisor of 10533113 and 6535?
1307
What is the greatest common divisor of 133 and 90953?
19
What is the greatest common factor of 1700479 and 297?
11
Calculate the greatest common factor of 983627 and 3448021.
3551
What is the highest common factor of 53613 and 18072687?
2553
Calculate the greatest common factor of 1976 and 340352168.
1976
Calculate the greatest common divisor of 555 and 79605330.
15
What is the highest common factor of 144 and 120730716?
36
What is the greatest common divisor of 111941 and 7760039?
3611
What is the greatest common divisor of 14920 and 14080?
40
What is the highest common divisor of 66156 and 3418800?
444
What is the greatest common factor of 10701000 and 1312?
328
Calculate the greatest common factor of 3958175 and 39.
13
What is the greatest common divisor of 22990 and 25459126?
4598
Calculate the highest common factor of 1408336 and 10146.
178
Calculate the greatest common factor of 2915641 and 7843.
23
Calculate the highest common factor of 67793112 and 45.
9
Calculate the highest common divisor of 14541 and 442981871.
4847
Calculate the highest common divisor of 1211850 and 212350.
50
What is the highest common factor of 42 and 938